 + 0*c + 2*c**2 + 30*c. Let w be u(-15). Calculate the greatest common factor of w and n.
13
Suppose -3*k + k = -68. Suppose -p = 4*d - 0*p - 823, 5*p = d - 190. Let i = d - k. Calculate the greatest common divisor of i and 19.
19
Let p = -95 - 36. Let l = 199 + p. Let k = -7 + 24. What is the highest common divisor of k and l?
17
Let j be (-35)/(-5) + -6 + 15. Suppose 0 = 14*z - j*z + 26. What is the greatest common divisor of z and 13?
13
Let o be (-43380)/135 - (-2)/(-3). Let c = o - -791. Calculate the greatest common divisor of c and 67.
67
Suppose 4*m - 9 = -5*p + 2, -20 = 4*p. Let i(x) = 4*x**2 - 4*x + 4. Let n be i(1). What is the highest common divisor of m and n?
1
Let n be 150/((-3)/((-15)/10)). Let u = 137 - n. Suppose -o - u = -2*x + 2*o, -60 = -2*x + 4*o. What is the highest common divisor of 85 and x?
17
Suppose 11*f - 360 = 6*f. Let o(s) = -s**3 - 9*s**2 - s + 9. Let a be (-1)/(1*2*2/36). Let d be o(a). What is the greatest common factor of f and d?
18
Suppose 564 = 2*i + 38*w - 41*w, 0 = 5*i + w - 1376. What is the highest common divisor of i and 92?
92
Let w be 138/4*-4*(-1122)/44. What is the greatest common factor of 207 and w?
207
Suppose -28*w + 55648 = 19*w. Let j = -589 + w. What is the highest common factor of 85 and j?
85
Let x be ((-30)/7)/(29328/1176 - 25). Suppose -2*f + 490 = -0*f. Calculate the highest common factor of f and x.
35
Let n(c) = c**3 - 14*c**2 - c - 8. Let l be n(0). Let o be 5*(-4)/(20/(-3)). Let a be (l/36)/(o + (-84)/27). What is the greatest common factor of a and 10?
2
Let j be 6/(-14) + ((-114)/8)/(49/(-84)). Calculate the highest common factor of j and 36.
12
Let m(k) = -105*k - 157*k + 310*k + 345. Let b be m(-7). What is the greatest common divisor of 153 and b?
9
Let h be (8/16)/((-2)/56) + 5. Let q be (h + 5)*(-7)/28. What is the greatest common divisor of 5 and q?
1
Let c = -24921 + 24980. What is the greatest common divisor of c and 31?
1
Suppose 0 = 20*q + 3*c - 7065, -7*q + 11*q - 1396 = -4*c. What is the highest common factor of q and 5487?
177
Let p = -7 + 14. Suppose j + 448 = 5*j. What is the greatest common divisor of p and j?
7
Suppose 73 = 10*d - 567. Suppose -d*u + 60*u = -80. Calculate the greatest common divisor of 60 and u.
20
Let u = 8883 - 8817. What is the greatest common divisor of 594 and u?
66
Let d be (2 - (-13)/(-5)) + 363/5. Suppose -3*n = a - 158, n + 13*a - 50 = 12*a. Calculate the greatest common divisor of d and n.
18
Suppose -7*a + 9 = -6*a. Let g be (604 - -26)/(1/2). Suppose 8*c - g = -6*c. What is the highest common factor of c and a?
9
Let q = 165 - 308. Let p = 179 + q. Calculate the greatest common factor of 12 and p.
12
Let w be ((-104)/39)/(0/9 + (-4)/18). What is the highest common factor of w and 484?
4
Let d be (-64)/(-24)*1449/12. Calculate the greatest common divisor of 9499 and d.
161
Let f(d) = d**3 + 16*d**2 - 81*d - 9. Let x be f(-20). Suppose x*w - 7*w - 144 = 0. Calculate the greatest common factor of w and 180.
36
Let l be 1 - 222 - 2/(-6)*9. Let h = l + 293. Suppose 0 = -8*w + 3*w + 150. What is the highest common divisor of w and h?
15
Let s be (-7 + 319/55)*600/(-5). Calculate the highest common divisor of 396 and s.
36
Let g be ((-11)/(-33))/(5/59145) + (-12)/2. Calculate the highest common divisor of g and 635.
127
Suppose 2*y - 2 = 4. Suppose -23 = -a + x, -6*x + x = y*a - 29. Calculate the highest common divisor of a and 576.
18
Let a = 304 - 298. Suppose 0 = -3*j + 12, -4*c - 3*j = -a*c + 60. What is the highest common divisor of c and 84?
12
Suppose 0 = 4*m - m - 72. Suppose -2*u + 0*u = 4, 0 = 5*o - 3*u - 581. Let w = 187 - o. What is the highest common divisor of m and w?
24
Let k be (2240/(-7))/(22/(-33)). What is the greatest common factor of 45 and k?
15
Suppose -7*j - 152 = 688. Let y = 143 + j. Calculate the highest common factor of y and 23.
23
Let l(y) = 2*y**2 - 2*y + 1. Let o = 130 + -126. Let n be l(o). Suppose -j + 3 = -2, m + 3*j = n. Calculate the highest common divisor of 20 and m.
10
Suppose -30 = -l - 4*p, 5*p + 102 = 4*l + 3*p. Let a be l/91 + 1032/14. What is the greatest common divisor of 111 and a?
37
Let i(a) = -a + 180. Let g be i(0). Suppose 1140 = -37*m + 94*m. Calculate the greatest common divisor of g and m.
20
Let b = 6322 - 5836. Calculate the highest common divisor of b and 234.
18
Suppose 0 = -3*o + f + 456 + 248, 3*f - 1178 = -5*o. Calculate the greatest common factor of 4230 and o.
235
Suppose -24 - 36 = 4*s. Let r be 1/((-4)/s) - (-9)/(-12). Suppose -r*l + 45 = -3*o, 4*l + o - 57 = l. What is the greatest common divisor of 18 and l?
18
Let n = 8 - -33. Let k be n - ((-105)/70 - (-15)/2). Calculate the greatest common divisor of k and 45.
5
Suppose 180 = 5*u - 5*o, -2*u + o = -4*u + 69. Let m(j) = -18*j + 122. Let z be m(4). Let g = z - u. Calculate the greatest common factor of 60 and g.
15
Suppose 3*l + 3*t = 2124, -3*l + t - 169 + 2293 = 0. Suppose 25*w + l = 29*w. Suppose 0 = -5*g + w - 67. Calculate the highest common factor of 198 and g.
22
Let o(c) = 34*c - 2163. Let v be o(64). What is the highest common factor of 4303 and v?
13
Let v be (18 + -74)*(-36)/21. Suppose -4*g = 4*i - v, -i - 3*g + 44 = 20. Calculate the greatest common divisor of 56 and i.
8
Suppose -65*y + 1316 = 29*y. Let m be 40/6*(-105)/(-20). What is the greatest common divisor of y and m?
7
Let i be (-4)/(-6) - 380/(-6). Let j = -22208 - -22224. Let u = i + j. Calculate the greatest common factor of 200 and u.
40
Suppose 8*f - 6*f - 13 = -3*i, i = 5*f - 41. Suppose f*d - 9180 = -22*d. Calculate the greatest common factor of d and 36.
18
Suppose -5*a + 27 - 65 = -3*c, -3*c = -3. Let f(q) = -4*q + 13. Let j be f(a). Calculate the highest common divisor of 656 and j.
41
Let s = -859 + 865. Suppose f - 310 = -5*c, 5*f = s*f - 3*c - 310. What is the greatest common divisor of 40 and f?
10
Let s be (-8)/3*3/(-2). Suppose -197 = s*f - 593. Suppose 5*l = 5*c + 160, 3*l - 75 = -4*c + 28. What is the highest common factor of f and l?
33
Let a(m) = -m**3 - 18*m**2 - 3*m - 65. Let s be a(-18). Let n(u) = -u - 5. Let j be n(s). Calculate the highest common divisor of 138 and j.
6
Let m = -3345 + 4076. Calculate the greatest common factor of 473 and m.
43
Suppose 12*s = 7*s + 4*k + 46, -s + k = -10. Suppose 3*v = -2*v + 55. Suppose s*x = 5*x + v. Calculate the highest common factor of 44 and x.
11
Let y = -647 - -1646. Let r be (8/(-12))/((-6)/y) + 3. Suppose d - r = -36. Calculate the highest common divisor of 52 and d.
26
Suppose -80*s + 43 = -76*s - 5*l, -s - 2*l + 14 = 0. Calculate the greatest common divisor of s and 92.
4
Let b = 3445 + -1559. What is the highest common divisor of 46 and b?
46
Let q = 158 - 170. Let t be 3*(-16)/q + -1 + 63. What is the highest common factor of t and 44?
22
Let l be ((-6579)/(-204) + -32)*((-12520)/1)/(-2). Calculate the highest common factor of 626 and l.
313
Let w(n) be the first derivative of 7*n**2/2 - 33*n - 18. Let m be w(5). Let x(a) = a**2 - 7*a. Let c be x(8). What is the greatest common factor of c and m?
2
Let s be (-1 + (-2 - 6/3))*-203. What is the highest common divisor of 29 and s?
29
Suppose -a - 864 = -5*a. Suppose -81*i = -110*i + 7047. What is the greatest common divisor of a and i?
27
Let d(i) = i**3 + 12*i**2 - 14*i - 13. Let l be d(-13). Suppose l = 28*g - 25*g - 18. Let a be (-6)/(-4) + g/4. Calculate the highest common factor of 24 and a.
3
Let c = -5248 - -7040. Calculate the greatest common divisor of c and 560.
112
Suppose 3*v = 9, -y + 14 = 3*y + 2*v. Suppose -c = 2*n - 7, n - 25 = y*c - 9. Suppose 2 - 86 = -n*d. What is the highest common factor of 126 and d?
14
Let m(g) = -g**2 + 17*g + 2. Let u be m(13). Let l = 1272 - 1128. Calculate the highest common factor of l and u.
18
Suppose 35*q - 895 = 85. What is the greatest common factor of 427 and q?
7
Let y(d) be the second derivative of d**4/12 - d**3/2 - 49*d**2 + 2*d + 3. Let m be y(21). What is the greatest common factor of 40 and m?
40
Let t(l) = -5*l**2 - 19*l - 10. Let d be t(6). Let c = 0 - 5. Let a be ((-48)/c)/(d/(-60) - 5). What is the highest common divisor of 16 and a?
16
Let q be (-2)/((-74)/10 - -9) - 55825/(-20). What is the greatest common factor of q and 2511?
279
Let u(a) = a**3 + 3*a**2 + a + 4.